 units digit of 450110760?
0
What is the hundred thousands digit of 47895957?
8
What is the thousands digit of 89637153?
7
What is the tens digit of 737298883?
8
What is the ten millions digit of 133285177?
3
What is the hundreds digit of 227920664?
6
What is the millions digit of 1990194?
1
What is the ten thousands digit of 4703631042?
3
What is the ten thousands digit of 30342978?
4
What is the units digit of 423289562?
2
What is the thousands digit of 80628976?
8
What is the ten millions digit of 36713397?
3
What is the hundreds digit of 1916118572?
5
What is the millions digit of 560050050?
0
What is the hundred thousands digit of 852979542?
9
What is the ten thousands digit of 212417014?
1
What is the tens digit of 141455360?
6
What is the thousands digit of 3507632461?
2
What is the hundreds digit of 160280888?
8
What is the ten millions digit of 4137176831?
3
What is the tens digit of 635986329?
2
What is the hundred thousands digit of 24126938?
1
What is the units digit of 77733152?
2
What is the units digit of 443120324?
4
What is the ten millions digit of 775964561?
7
What is the tens digit of 539845567?
6
What is the tens digit of 21448701?
0
What is the millions digit of 703346553?
3
What is the thousands digit of 854652092?
2
What is the hundreds digit of 200502053?
0
What is the thousands digit of 97923288?
3
What is the ten thousands digit of 5806069?
0
What is the hundred thousands digit of 7430887?
4
What is the hundreds digit of 4769125?
1
What is the thousands digit of 2600205856?
5
What is the tens digit of 1950156064?
6
What is the hundred millions digit of 1554412463?
5
What is the billions digit of 2203556096?
2
What is the tens digit of 78136864?
6
What is the units digit of 35419624?
4
What is the units digit of 45061715?
5
What is the hundreds digit of 83314608?
6
What is the hundreds digit of 55603201?
2
What is the ten millions digit of 21406969?
2
What is the hundred millions digit of 1917365954?
9
What is the units digit of 10074246?
6
What is the hundreds digit of 300867991?
9
What is the hundred thousands digit of 2323805840?
8
What is the tens digit of 29659036?
3
What is the hundreds digit of 6954056525?
5
What is the units digit of 857911803?
3
What is the hundreds digit of 232925838?
8
What is the ten thousands digit of 6408638017?
3
What is the hundred millions digit of 101369534?
1
What is the hundred thousands digit of 263666132?
6
What is the hundreds digit of 121661985?
9
What is the ten thousands digit of 216244837?
4
What is the hundred thousands digit of 1155150328?
1
What is the units digit of 22101369?
9
What is the thousands digit of 576980368?
0
What is the hundred thousands digit of 190635141?
6
What is the ten millions digit of 109813875?
0
What is the hundred millions digit of 337650873?
3
What is the hundreds digit of 229321791?
7
What is the billions digit of 1196456271?
1
What is the hundreds digit of 2985747?
7
What is the hundreds digit of 29589378?
3
What is the thousands digit of 394647624?
7
What is the millions digit of 775080715?
5
What is the hundred thousands digit of 265489659?
4
What is the ten thousands digit of 72931027?
3
What is the hundreds digit of 156617031?
0
What is the billions digit of 3977261533?
3
What is the hundred thousands digit of 1811367583?
3
What is the tens digit of 1439237814?
1
What is the millions digit of 632287777?
2
What is the hundred millions digit of 7949556929?
9
What is the tens digit of 33268670?
7
What is the thousands digit of 17184398?
4
What is the hundred thousands digit of 842451533?
4
What is the ten millions digit of 2867682837?
6
What is the hundred thousands digit of 172503610?
5
What is the hundreds digit of 714557855?
8
What is the thousands digit of 3111725506?
5
What is the ten thousands digit of 2849836420?
3
What is the billions digit of 2229722847?
2
What is the hundred thousands digit of 24216803?
2
What is the ten thousands digit of 191573959?
7
What is the units digit of 62944207?
7
What is the hundred millions digit of 5954524259?
9
What is the hundred thousands digit of 1145350848?
3
What is the thousands digit of 119190187?
0
What is the hundreds digit of 437561522?
5
What is the thousands digit of 236196965?
6
What is the hundred millions digit of 373805286?
3
What is the tens digit of 60853081?
8
What is the units digit of 7450818518?
8
What is the thousands digit of 8040370?
0
What is the hundred thousands digit of 1925784859?
7
What is the ten millions digit of 979784434?
7
What is the hundred millions digit of 733089542?
7
What is the thousands digit of 337672944?
2
What is the hundred thousands digit of 35777281?
7
What is the units digit of 134618818?
8
What is the hundred millions digit of 843077431?
8
What is the units digit of 40521328?
8
What is the thousands digit of 3970439149?
9
What is the hundred millions digit of 354974853?
3
What is the units digit of 144868442?
2
What is the units digit of 1752828?
8
What is the units digit of 2568729479?
9
What is the hundreds digit of 788536106?
1
What is the millions digit of 452944717?
2
What is the hundreds digit of 34961425?
4
What is the hundreds digit of 3522024676?
6
What is the thousands digit of 33140372?
0
What is the thousands digit of 161521923?
1
What is the units digit of 42345023?
3
What is the ten millions digit of 43500268?
4
What is the ten thousands digit of 4044213?
4
What is the tens digit of 2188992256?
5
What is the millions digit of 193722160?
3
What is the units digit of 1931123103?
3
What is the tens digit of 72726815?
1
What is the ten millions digit of 25407382?
2
What is the millions digit of 314239499?
4
What is the tens digit of 133317359?
5
What is the hundreds digit of 34455324?
3
What is the ten millions digit of 117857301?
1
What is the millions digit of 773605485?
3
What is the billions digit of 1155747666?
1
What is the hundred thousands digit of 1153842694?
8
What is the units digit of 17964664?
4
What is the ten millions digit of 93118367?
9
What is the units digit of 96949664?
4
What is the ten millions digit of 80418075?
8
What is the ten thousands digit of 1446733594?
3
What is the ten thousands digit of 2796504362?
0
What is the hundred thousands digit of 1874645202?
6
What is the hundred millions digit of 184768252?
1
What is the units digit of 41528108?
8
What is the hundred thousands digit of 586670078?
6
What is the hundred thousands digit of 16124382?
1
What is the hundreds digit of 1848651234?
2
What is the hundred thousands digit of 185314521?
3
What is the units digit of 598485153?
3
What is the millions digit of 11238355?
1
What is the hundred thousands digit of 55254784?
2
What is the tens digit of 264613492?
9
What is the hundred thousands digit of 370342346?
3
What is the ten thousands digit of 2209966467?
6
What is the thousands digit of 14019009?
9
What is the millions digit of 106824140?
6
What is the millions digit of 2186730533?
6
What is the ten millions digit of 2102204139?
0
What is the units digit of 4378843301?
1
What is the hundreds digit of 2109348?
3
What is the ten thousands digit of 682577618?
7
What is the units digit of 353551885?
5
What is the units digit of 22758276?
6
What is the hundreds digit of 96365713?
7
What is the tens digit of 168108018?
1
What is the ten millions digit of 50109976?
5
What is the hundred thousands digit of 111376828?
3
What is the billions digit of 3663001253?
3
What is the billions digit of 1783499055?
1
What is the tens digit of 16373500?
0
What is the ten thousands digit of 25508490?
0
What is the billions digit of 2821327874?
2
What is the ten thousands digit of 16373094?
7
What is the ten thousands digit of 16532578?
3
What is the millions digit of 277551829?
7
What is the ten millions digit of 1112228959?
1
What is the hundred millions digit of 819286919?
8
What is the hundred thousands digit of 25104378?
1
What is the hundreds digit of 180107268?
2
What is the hundreds digit of 51805903?
9
What is the hundred thousands digit of 683465068?
4
What is the hundred thousands digit of 137462261?
4
What is the hundred thousands digit of 86568024?
5
What is the millions digit of 1561250535?
1
What is the hundred thousands digit of 686018450?
0
What is the hundred mil